 Let s(o) = o. Let x be s(6). Suppose -20 = -x*u + 2*u. Calculate y(u).
-3
Let g(w) = 73 - 34 - 12*w - 38. Calculate g(1).
-11
Let b(f) = 2*f - 4*f + 1 + f. Suppose -3*v + 20 = 5. Determine b(v).
-4
Let u(c) = -5*c - 2. Let o(y) = -4*y - 2. Let v(z) = -z**3 + z**2 + z - 6. Let x be v(0). Let g(l) = x*o(l) + 5*u(l). Give g(1).
1
Let t(a) = -a**2 + a - 1. Let r = 8 + -8. Determine t(r).
-1
Let y(s) = s**3 - 5*s**2 - 5*s - 7. Let t be y(6). Let q(c) = -5*c**2 - 2*c - 1. Let x be q(t). Let i(b) = b**3 + 4*b**2 - 2*b - 4. Give i(x).
4
Let s = -13 - -7. Let k(h) = -9 - h - 2 - 2 + 0*h. What is k(s)?
-7
Let n(u) = 13*u**2 - 15*u + 15. Let c(f) = 3*f**2 - 4*f + 4. Let d(i) = 9*c(i) - 2*n(i). Suppose 2 = -4*q + 22. What is d(q)?
1
Let d(c) be the second derivative of c**5/20 - 5*c**4/12 + 2*c**3/3 - 2*c**2 + 6*c. Give d(4).
-4
Let q(m) = -m**3 - 5*m**2 + 9*m + 9. Let r = 38 - 44. What is q(r)?
-9
Let g(w) = 5*w**3 - 6*w**2 - 9*w + 10. Let f(h) = -14*h**3 + 18*h**2 + 26*h - 29. Let n(k) = -6*f(k) - 17*g(k). What is n(-5)?
-6
Suppose -15 = -3*g - 2*g. Let o(p) = -2*p + 7. Let z(s) = s - 3. Let k(l) = 3*o(l) + 7*z(l). Calculate k(g).
3
Suppose -g - 13 = -4*h, -3*h + g + 0*g = -11. Let u(y) be the first derivative of -4*y**3/3 + y**2 - 3*y - 109. What is u(h)?
-15
Let r(w) = w - 1. Let v be r(0). Let y(c) = -5*c**2 + 3*c + 3. Let m(n) = -2*n - 6*n**2 + 8 + 6*n - 10*n**2 + 4*n. Let q(a) = 4*m(a) - 11*y(a). Calculate q(v).
-9
Let g(u) = 2*u - 2. Let l(v) = 8*v - 4. Let n(z) = 17*z - 8. Let w(r) = -7*l(r) + 3*n(r). Let a(t) = -14*g(t) - 6*w(t). Calculate a(-3).
-2
Let k(b) = 3*b**2 - 16*b - 9. Let f(i) = -2*i**2 + 11*i + 6. Let c(g) = -7*f(g) - 5*k(g). Let r = -2 - -6. Determine c(r).
-1
Let h(z) be the second derivative of 0 - 4*z + 1/2*z**2 - 1/6*z**3. Let c(l) = l**2 - 5*l + 1. Let m be c(3). Give h(m).
6
Let n be (-182)/(-49) - (-2)/7. Let s(j) = 1 + 1 - 6*j - 153*j**3 + 6*j**2 + 152*j**3. What is s(n)?
10
Let y = -2 - 1. Let w(g) = -g**3 - 8*g**2 - 2*g - 1. Let k(m) = -m**3 - 9*m**2 - 3*m - 1. Let b be (-5 + -10)*1/3. Let d(i) = b*k(i) + 6*w(i). Determine d(y).
-10
Let x(d) = -d**2. Suppose 0*r + 20 = -2*r. Let m(p) = -p**3 - 11*p**2 - 11*p - 5. Let h be m(r). Let j = -6 + h. Give x(j).
-1
Let o(r) = r - 1. Let d(n) = -4*n + 5. Let g(z) = -d(z) - 6*o(z). Calculate g(4).
-7
Let i(x) = -2*x**2 + 3*x**2 + 8*x - 2*x**2 - 8*x**2 + x**3 + 4. Determine i(8).
4
Suppose -7 = -m - 3. Let i be (-15)/m - 3/(-4). Let y(k) = -k**3 - 2*k**2 + 5*k + 3. Give y(i).
-3
Let g(v) be the first derivative of 6*v + 1/2*v**2 + 4. Determine g(-5).
1
Let q(z) = 3*z - 10. Let i be q(7). Let x(f) = 0*f - i*f**3 + 0*f**2 - 1 - 2*f**2 - 2*f. Suppose -2*p - p - 7 = v, 0 = 5*p - 2*v - 3. Give x(p).
10
Let o(w) = -w**3 + 9*w**2 - 7*w - 4. Let j be o(8). Let g be 3/(-1 + j) - -6. Let x(z) = 3 + z + z**3 - 2 + g*z**2 - 3*z**2. Give x(-3).
7
Let l(k) = -5*k**3 - k - 1. Let g = -2 + 3. Suppose 0 = 4*t + g + 3. What is l(t)?
5
Let t(g) be the second derivative of -4*g + 0 + 1/2*g**2 + 1/3*g**3 + 7/12*g**4. Calculate t(-1).
6
Let r = -24 - -21. Let g(s) = 3*s + 3. Let q(o) = -10*o - 8. Let m(i) = r*q(i) - 8*g(i). Calculate m(1).
6
Suppose -2*o + 4*o + 17 = -3*r, -5*o = r + 10. Let x(t) = -t**3 - 6*t**2 - 6*t - 2. Determine x(r).
3
Let z(a) = 4*a**3 - 2*a**2 - a. Let i be (12/8)/((-6)/16). Let b be (-1)/((-2)/i) + 1. Let y be (-2 - -4)*b/2. Calculate z(y).
-5
Let k(g) = 3 + 1 + g - 1. Suppose -11 = 4*d - u, 0*u - 2*u - 17 = 5*d. Give k(d).
0
Let q = 250 - 248. Let c(g) be the first derivative of -g**3/2 + g + 1. Let v(m) be the first derivative of c(m). Determine v(q).
-6
Suppose 4*g = 5 + 11. Suppose 3*q - g*q = 2. Let d(a) = -a**3 - a**2 - 2*a. Determine d(q).
8
Let n(i) = i**2 - 12*i + 6. Suppose -2*p + 4*r + 7 = -19, -r + 54 = 5*p. Calculate n(p).
-5
Let i(o) = -o + 1. Let p = 10 + -6. Suppose 8 = p*f - 16. Give i(f).
-5
Let z be (-1 - -1)*(-1)/(-2). Let d(l) = 2 + z + 0 - 2*l. Determine d(3).
-4
Suppose 0 = -5*b + 2*y - 10, 2*y - 5*y = 0. Let g(x) = x**2 + 8*x + 10. Let p be g(-7). Let n(t) = p*t**2 - t + 4*t + 2 - t. Give n(b).
10
Suppose 0 = -5*x - 34 + 9. Let h be ((-4)/(-10))/(x/(-25)). Let r(l) = -l**3 + 1. Calculate r(h).
-7
Let h(r) = -r. Suppose 2*n + 12 = 5*n. Suppose z = -z + n. Suppose -2*t + t - 4*l = -5, z*l = -3*t - 5. Give h(t).
3
Let a = 7 + -4. Let u(f) = -f - 4*f**3 + 0*f - 3*f - 6*f**2 + 3*f**a. Suppose 5*l + 30 = -4*b, 0 = 5*b + 5*l + 26 + 9. Determine u(b).
-5
Let t(n) be the second derivative of -n**5/20 - n**4/3 + 5*n**3/6 - n**2/2 - 3*n. Determine t(-5).
-1
Let r(d) be the second derivative of -d**3 - d. Let f be -2*2*2/(-8). Give r(f).
-6
Let d(u) = 0*u**3 + 2*u**2 + 1 + u**3 + u - u**3 - u**3. What is d(3)?
-5
Let z = 9 + -13/2. Let x(s) be the second derivative of -1/20*s**5 - 1/2*s**4 - 5/6*s**3 - z*s**2 - 2*s + 0. Determine x(-5).
-5
Let i(w) = 5*w - 7*w**2 - 1 - w - 5*w. Let v(l) = l**2 + 9*l - 6. Let k be v(-10). Suppose -k*g = g + 5. Give i(g).
-7
Let m(y) = 7*y**2 + 4*y + 7. Let o(s) = s**3 - 3*s**2 - 3*s + 2. Let j be o(3). Let u(f) = 8*f**2 + 4*f + 8. Let z(h) = j*m(h) + 6*u(h). What is z(-4)?
-1
Let s(i) = -i**3 - 5*i**2 + 6*i + 6. Let b be s(-6). Let d(t) = -t**2 + 5*t + 1. Calculate d(b).
-5
Let w(o) = -3*o + 5 + 2*o - 15. Calculate w(-6).
-4
Suppose 3*f + 126 = 4*i - 9, 5*i - 125 = -5*f. Suppose -2*o + 25 = -7*o, -2*o = -5*v + i. Let w = v - 9. Let s(c) = -c**3 - 6*c**2 - 6*c - 2. Determine s(w).
3
Let m(b) = -b**3 + 2*b**2 + 5*b + 3. Let t = 15 - 21. Let o(y) = -y - 2. Let f be o(t). What is m(f)?
-9
Let p be (-3)/6 - (-30)/12. Suppose -10 = -m - 2*m - 2*b, -10 = -p*b. Let l(a) = -a**3 + a**2 - a - 11. What is l(m)?
-11
Let v(w) = 5*w - 1. Suppose -8*f + 6*f - 6 = 0. Give v(f).
-16
Let z(p) = 2*p - p - 3*p + 0 + 2. Calculate z(-5).
12
Let t(p) = -p**2 - 1. Let n(v) = 4*v**2 + 5*v + 12. Let k(x) = x**3 + 4*x**2 - 4. Let y be k(-3). Let j(c) = y*t(c) + n(c). Give j(5).
7
Let v(i) = 25*i - 1. Let j(y) = -5*y + 46. Let k be j(9). Determine v(k).
24
Let y be 16/6*(-15)/10. Let d(q) = -3*q - 4. Determine d(y).
8
Let q(g) = -g**3 - 8*g**2 - g - 6. Suppose -3*p - 60 + 5 = 5*c, -2*p - 10 = 0. Determine q(c).
2
Let q(g) = -9*g**2 + 4*g + 10*g**2 - 1 + 1. Determine q(-2).
-4
Let d = 21 - 18. Suppose 2*o + 9 = -d. Let x(l) = -l**3 - 7*l**2 - 6*l - 4. Give x(o).
-4
Let n = -14 - -21. Let k(t) = 0*t + 5*t - n*t + 2. Calculate k(3).
-4
Let k(l) be the first derivative of l**3 - l**2 - 2*l + 12. Suppose -3*c + 3*z = -8*c - 2, 3*c - z - 10 = 0. What is k(c)?
6
Let h be 2/9 + 125/45. Let t be ((-1 + 1)/h)/2. Let k(z) = z**2 + z**3 + 0 + 2 - z + t*z + 2. Determine k(0).
4
Let f(t) = 3*t + 1. Suppose 6 = x + 3. Suppose -4*b + 46 = x*q, -b + 2 = -0*b - 4*q. Let c(j) = -j + 9. Let g be c(b). What is f(g)?
-2
Let c(w) = -w + 2. Suppose 2*u + 28 = -2*t - 2*u, -2*t = -4*u + 20. Let d be 3*(-4)/t + 0. What is c(d)?
1
Let v(z) = -z**2 + 3*z + 5. Let p(r) = r - 1. Let f(d) = d**2 + 4*d + 1. Let s be f(-5). Suppose w + s = 3*w. Let n(c) = w*p(c) + v(c). Give n(4).
10
Suppose -3*o + 15 = -8*o. Let i(c) = 5*c**3 + 4*c**2 - 5*c + 1. Let h(u) = 4*u**3 + 3*u**2 - 4*u + 1. Let z(t) = o*i(t) + 4*h(t). Give z(2).
7
Let u(a) be the first derivative of -a**3/6 - 3*a + 1. Let l(v) be the first derivative of u(v). Give l(-6).
6
Suppose 21 + 54 = 5*b. Suppose -3*v - b = -3*x - 0*x, 3*v = -5*x - 15. Let s(o) = x*o - o + 4 + 0*o. Determine s(5).
-1
Let c = 60 + -58. Let j(p) = 3*p**2 + 2*p - 3. Give j(c).
13
Suppose 5*d - 14 = 2*c + 8, -2*c = -4*d + 18. Let h(l) = -4*l**2 + l. Determine h(c).
-5
Let k(s) = 14*s**2 + 1. Let b(c) = c**3 + c**2 + 4*c + 1. Let y be b(0). What is k(y)?
15
Let p(b) = -b**3 + 4*b**2 + 3*b - 5. Let s = -37 + 41. Calculate p(s).
7
Let s(f) = 1. Let u(t) = 3*t - 2. Let r(m) = 4*s(m) + u(m). Give r(-2).
-4
Suppose 3*h + 4*q - 14 = h, -5*h + 5*q = -110. Let n = h - 12. Let j = 4 - n. Let o(l) = -4*l**3 + 2*l**2 + 2*l + 1. What is o(j)?
5
Let k(m) be the third derivative of -m**5/60 - 5*m**4/24 - 5*m**3/3 + 12*m**2 + 2. What is k(-4)?
-6
Let x = -11 - -9. Let i(k) be the second derivative of k**2 + 0 + k + 1/6*k**3. Determine i(x).
0
Suppose 2*o = 3 + 3. Suppose -5*b = -2*w - 20, -3*w + b - 1 - o = 0. Let p(x) = x**2 + 6*x + w*x**2 - 3*x + 1. Calculate p(-3).
1
Let d 